- -32) + 3 + -5?
7
Calculate -2 - 5 - (-6 - -4) - 1.
-6
What is (-21 + 25 - -21) + -36?
-11
What is the value of 5 - (-2 - (-10 + (2 - -3) + 4))?
6
What is (-6 + -2 - -14) + 5 + -2?
9
What is -175 + 200 - (1 + 9)?
15
Evaluate (27 - -4 - -25) + -32.
24
17 - ((-6 - 3) + 28)
-2
Evaluate 3 - (-21 - 2 - (13 + -2 + -14)).
23
What is the value of 0 - ((1 - -9) + -3) - -4 - -11?
8
Evaluate 3 + (-5 + -4 - -13) + 0.
7
What is (637 - 661) + 1 + 10?
-13
Calculate (-3 - (4 + -3) - 7) + (5 - 4).
-10
Calculate 7 - (1 + 0) - (-14 + 17).
3
-7 + 6 + (2 - 5) + 3
-1
Calculate (-5 - 0 - (8 - 4)) + -3.
-12
What is -43 + (-21 - -43) + -6?
-27
-23 - -25 - 7 - (6 - 1)
-10
What is -22 - ((19 - 14 - (1 - -1)) + -7)?
-18
What is the value of -2 + 4 + (7 + -2 - 15) - -3?
-5
What is the value of (-5 - -1) + (-7 - 4) + 9 + -6?
-12
Calculate -11 + (1 - -4) + (-2 - -15) - 5.
2
-12 + -5 + 6 - (1 + -9)
-3
Evaluate -1 - (-2 - (-15 + 2) - 22) - 5.
5
What is 4 - (-16 + 7 + 26)?
-13
Calculate (2 - -11) + -13 + -3 + 14.
11
Evaluate -2 - (-265 + 258 - (0 + 1 + -1)).
5
What is the value of (0 - (-2 + 5)) + (-1 + -2 - 1)?
-7
Calculate 6 + (-3 - -3) + -11.
-5
-5 + (-9 - -9 - (-5 - (1 - 0)))
1
What is (7 - 4) + 9 + (-1 - -4)?
15
Calculate 1 + 6 + 7 + 4 + -5.
13
What is the value of (-24 - -46) + -19 + -1 + -3?
-1
Evaluate 267 + -263 + 5 + 0 + (-23 - 2).
-16
(3 - 4 - -5) + (9 - (2 + 3))
8
Calculate (-3 + -7 - -11) + -9.
-8
Evaluate (9 - 19) + -14 + 7.
-17
Calculate -40 + 13 + -2 - -22.
-7
What is the value of 18 - (14 - (-15 + 11))?
0
Calculate 2 + (2 - 22) + (-10 - (-12 + 7)).
-23
What is the value of (-10 - (-8 - -1)) + 3 - -3?
3
What is -6 + 5 + -14 + 9 + 7 + -25?
-24
What is -10 + 7 + -5 + 0 + 9?
1
26 - ((21 - 6) + (-3 - -7 - 11))
18
Calculate -3 + 22 + -10 + 10.
19
What is the value of 51 - 51 - (-10 + 8)?
2
Calculate 28 + (15 - 3 - 24).
16
What is the value of -19 - (-14 + (-4 - 16))?
15
-1 + (-3 - (-4 + (-5 - 7) + -3))
15
What is 6 - (5 + (-1 - 0 - (7 - 11)))?
-2
What is the value of 10 - (4 - 16 - (-18 - -10))?
14
What is 2 + (-1 + -17 - -29)?
13
What is (6 - 0) + (1 + -18 - (91 + -84))?
-18
Evaluate 3 + 2 + -5 + (7 - 5) - 5.
-3
What is the value of 28 - (-32 + 25 - -19)?
16
What is (-7 - -7 - 5 - -3) + 17?
15
Evaluate 6 + (15 - (8 + 0)) + -6.
7
What is 6 + (7 - (5 - -3)) + -11 + -7?
-13
What is 4 + (31 - (-21 - -40))?
16
What is (-2 - 4) + 27 + -25 + -7?
-11
What is -1 - 5 - ((-1 - 24) + 24)?
-5
Evaluate 2 - (5 + 21 + -10).
-14
What is the value of (16 - 18) + -15 - -30?
13
What is (-39 - -20 - (-1 - 3) - -8) + -10?
-17
What is the value of 0 - ((5 + 0 - 19) + 9)?
5
What is the value of (5 - 4) + 8 - (0 - 1)?
10
9 + -15 + (1 - -7) + -12 - 5
-15
What is the value of (3 - 2 - (19 + -19)) + 1?
2
What is -3 - 3 - (-12 + -9 + (-8 - -15))?
8
Evaluate 18 - (31 + -38 + 13).
12
What is the value of (0 - -9) + (-11 + 24 - 15)?
7
What is 23 + (-8 - 12 - -6) + 3?
12
What is the value of (1 - 20) + (17 - (5 - 5)) + -8?
-10
What is (-8 - 2 - -3) + (50 - 48)?
-5
What is the value of 14 - (14 + (-11 - -1))?
10
Evaluate (14 - -12 - -10) + -25.
11
Calculate (47 - 25) + -7 + (4 - 3).
16
Evaluate -1 - -1 - (22 - 26) - (-28 + 19).
13
What is the value of (9 - (17 + -17)) + -15?
-6
24 + -13 + -10 + (1 - -10)
12
Evaluate (-4 - -1 - -6) + 2.
5
What is -34 - (-2 + -9 - (-17 + -15 + 30))?
-25
What is the value of 0 + -1 + -5 + (-7 - -12)?
-1
What is -14 - (0 - -1) - (8648 + -8661)?
-2
12 - (-13 + 24 + -9)
10
Calculate 12 + -12 + 9 + -8 + (-1 - -1).
1
1 + -7 + (-2 - -5) + -159 + 155
-7
What is the value of 0 + -2 + (9 - 12) + -11?
-16
Evaluate -9 + 1 - (-587 + 561).
18
What is 2 - (-17 + 14 - (-13 + 6))?
-2
-3 - (-3 + -25 + 8)
17
12 - ((-2 - 24) + 39)
-1
Evaluate -3 + -11 + (5 + -8 - -21).
4
Calculate -451 + 442 - (-1 - (3 + -2)).
-7
What is (-29 - (-5 - (6 - 3))) + 5?
-16
Calculate 4 + (11 - (1 + 2 + 3)) - 3.
6
What is (-6 - -18) + (7 - 12)?
7
What is -1 + (0 - 9) + 14 + -15?
-11
Calculate (-33 - -35) + 3 + 2 + -26.
-19
What is the value of 195 + -198 + -6 + 2 + -1 + 0?
-8
Calculate (91 - 98) + -2 + 2.
-7
-3 - (0 + -12 - (3 + -30 + 30))
12
Calculate -6 - ((11 - 8) + -9).
0
2 + -44 + (-1 - -20)
-23
Evaluate 2 + -13 + 8 + -7 + 3 + -3.
-10
Evaluate (-40 - -3) + (14 - (5 - (-4 - -3))).
-29
What is the value of -11 + (-5 - 22) - -25?
-13
What is 3 + -8 + 16 + -4?
7
Calculate 1142 - 1147 - (10 + -1).
-14
What is (-20 - -9) + 12 - 11 - -2?
-8
What is the value of -5 + 7 + -9 + (10 - -12)?
15
Evaluate 30 + (27 - (-30 + 112)).
-25
-28 + (12 - -1) - (6 + (-2 - 5))
-14
What is the value of 29 + -12 - (-5 - -14)?
8
What is 2 - (7 + (9 - 18)) - 12?
-8
-22 - (-41 - -29) - 13
-23
What is (7 - (4 - 2)) + (5 - 2) + 3?
11
Evaluate -74 - -42 - 2 - -19.
-15
What is 4 - ((6 - 0) + -3 - 9)?
10
Evaluate -18 - (2 + (7 - 4) + -10) - 0.
-13
(0 - 15) + (7 - -4) + -9
-13
What is (19 + -14 - 20) + 13 + (29 - -1)?
28
Evaluate 83 - 101 - (-2 - 26).
10
Evaluate 21 - (-38 - (23 + -67)).
15
Evaluate 2 - 3 - ((14 - 1) + 2 + -38).
22
What is the value of 4 + (46 - -1) + -31?
20
-2 - 20 - (-5 + 8 + -12 + 8)
-21
Calculate 3 - (-6 + (4 - (3 + (0 - 5)))).
3
What is the value of -708 + 705 + (-25 - 2)?
-30
What is the value of 10 + (4 - 11) + -12 - (2 - 17)?
6
What is -16 - ((11 - 13) + 8 + -16)?
-6
2 + -11 + 7 + 3 + -1 + 5
5
What is the value of -2 + -3 - -1 - ((6 - 8) + 8)?
-10
What is -3 + 4 - (-1 - (11 + -33))?
-20
What is the value of (-4 - (-5 + -4)) + 2 - (-2 - -30)?
-21
Calculate 1 - (-5 - -8) - ((0 - 6) + -2).
6
What is -9 + 1 + (-9 + 12 - -2) + 13?
10
Calculate -1 + (1 - -5) + -63 + 97 + -31.
8
-4 - -5 - -3 - (-11 - -4 - 1)
12
(1 - -1 - 3 - -2) + -2 + 1
0
What is -1148 + 1137 + (1 - (1 - -15))?
-26
What is 2 + 0 + -3 + (23 - (-5 - -23))?
4
691 + -676 - (42 - 0)
-27
Calculate (-6 - 1) + -22 + (38 - 25).
-16
Evaluate (5 - 2) + (9 - (-5 - -17) - 2).
-2
What is 0 - -13 - 17 - -6?
2
What is the value of -5 - -39 - (-61 + 96)?
-1
What is 35 + -13 + -14 + 7?
15
What is the value of -7 - -1 - (-3 - 1 - -2)?
-4
What is the value of 2 + (10 - 38 - -2 - -13)?
-11
What is -46 - (1 + (4 - 13))?
-38
What is the value of 29 + 4 + -11 + (-2 - 2 - -3)?
21
What is the value of (11 - 13) + (-18 - -10)?
-10
What is 102 + -90 - (-1 + 5) - (12 + 2)?
-6
36 - 35 - (-6 - -19)
-12
Calculate -11 - (-3 + 1 - -5 - 4).
-10
-5 - (22 - 17) - 5
-15
-3 + (0 - -5 - (-52 - -61)) + 8
1
-38 - 1 - (-4 - (21 - (-3 - -20)))
-31
7 + (-11 - ((10 - 7) + 1 - -10))
-18
What is -11 - ((0 - -5) + 0 - (-1 + 6))?
-11
What is the value of 1 + 20 + (-332 - -326)?
15
What is the value of (0 - 6) + (4 - -2 - 12)?
-12
What is the value of (13 - 44) + (0 - (-2 - (-5 + 5)))?
-29
What is the value of 39 + -28 - (5 - 2 - 7)?
15
-4 - (-4 - -2) - (77 + -66) - -7
-6
Evaluate (3 - -1 - 7) + 0 + -2.
-5
Evaluate 9 + (-17 - -24 - 29).
-13
What is the value of -6 + -1 + (12 - (-3 + 20)) - -6?
-6
Evaluate (29 + -35 - (-9 + 7)) + 2 + 4.
2
Calculate -16 + (-43 - (32 - 77)).
-14
-62 + (-2 - -52) + 0 + -17
-29
Calculate 23 - ((1 - -9) + 8).
5
What is 8 + 8 + -17 + 0 + 3?
2
What is -2 - 13 - (-3 + 2 + -4)?
-10
(-2 - 1) + (-1 - -9 - 11 - -3)
-3
Calculate (-16 - -16) + -22 + 4.
-18
What is the value of (9 - (0 + 25 + (14 - 22))) + -15?
-23
What is -4 - (-10 - (0 - (-7 + 1)))?
12
Calculate 26 + -10 + 26 + (-22 - -7).
27
Evaluate 37 - (42 - (54 - 17)).
32
-1 - ((-6 + -1 - -1) + -87 + 101)
-9
-1 + 2 + (-44 - -22) + 47
26
Evaluate -9 + -18 - -8 - -20.
1
(2 - (9 - 8)) + -6
-5
What is (8 - 4) + (0 - 1 - 23)?
-20
Calculate 0 - (-4 + 4) - (14 - 8).
-6
Calculate (-9 - -15 - -14) + 0 - 2.
18
1 + -5 + 5 + (-19 - -26)
8
Calculate -20 - (-19 - 6) - 30.
-25
Calculate 0 + 6 - (6 - 12).
12
Evaluate -8 + -19 - -2 - -19.
-6
2 - (-1 + (1 - 6))
8
Calculate 3 + -4 - -9 - (-2 + 7).
3
What is the value of 0 + -9 - (-86 + 73)?
4
What is 10 + -6 - (12 + -6 - (2 - -6))?
6
What is the value of 59 + -11 - (-1 - -34)?
15
Evaluate 2 + 18 - (51 - 23).
-8
(-3 - 8) + (10 - -3)
2
Calculate -20 - (-52 - (-4 - 11)).
17
Evaluate (6 - (-3 + 8)) + -9 + 2 + -2.
-8
-12 - (-12 + 2 - 2 - 6)
6
What is the value of 59 + 9 + 11 + -57?
22
(881 - 903) + (11 - 1)
-12
(-1 - 2 - 3) + (36 - 17) + -2
11
What is -2 + 19 + -5 + -9 + 13?
16
109 + -115 + -1 + 10 + 1 + 5
9
(-27 + 8 - -17) + 0 + 4
2
What is -6 - (13 - 13) - 5?
-11
(-6 - (16 + -5)) + 22
5
What is